e factors of p?
13, 23
Let f(s) = 7*s**2 + 90*s + 7. What are the prime factors of f(-18)?
5, 131
Let j = -17 + 17. Suppose j*t + 2*t - 4 = -4*k, t - 2 = 4*k. List the prime factors of t.
2
Let i be (0/3 + 32/(-6))*-48. Let p = -140 + i. What are the prime factors of p?
2, 29
Let s(h) = -14*h - 54. Let b = 90 + -108. What are the prime factors of s(b)?
2, 3, 11
Let i(o) = -18*o**2 + 14*o - 13. Let r(u) = -27*u**2 + 21*u - 20. Let j(z) = 7*i(z) - 5*r(z). List the prime factors of j(4).
5
Let z(i) = -i**2 + 7*i. Let r be z(6). Suppose 2*s - r = -4*n, 4*s - s - 18 = 3*n. Suppose -x + s*x - 72 = 0. What are the prime factors of x?
2, 3
Let l = 139 - 12. Suppose -2*p + s + 3*s + 46 = 0, -2*s + l = 5*p. List the prime factors of p.
5
Let j(a) = 6*a**2 + 1. Let z be j(-1). Suppose -3 = -5*q + z. Suppose 3*h - 31 = -q*p + p, 3*h = 3*p - 57. List the prime factors of p.
2, 11
Suppose 7*i + 50 = 2*i. Let t = 68 + i. Suppose 0 = -c - 2, -c = -2*y + 7*y - t. List the prime factors of y.
2, 3
Suppose 40 = -5*h + 4*n, -5*n + 18 = -3*h - 19. Let g(j) = -2*j**3 - 5*j**2 + 3*j - 1. List the prime factors of g(h).
5, 7
Suppose 2*z - 5*s - 19 = 0, -3*s = 2*s + 25. Let l = -222 + 492. What are the prime factors of z/(-12) - l/(-8)?
2, 17
Suppose 4*j + 0*u - 33 = 5*u, -3*j + u + 11 = 0. Suppose 4*w + 40 = v, 110 = -0*v + 2*v + j*w. What are the prime factors of v?
2, 13
Let z = 121 + -99. Suppose z*l = 25*l - 750. List the prime factors of l.
2, 5
Let n = 421 - 148. List the prime factors of n.
3, 7, 13
Let o(y) = 3*y**2 - 28*y + 155. What are the prime factors of o(13)?
2, 149
Let a = 1942 + -1191. What are the prime factors of a?
751
Let m(a) = -a**3 - 3*a**2 - a + 2. Let j(f) = f**2 - 6*f. Let h be j(5). What are the prime factors of m(h)?
3, 19
What are the prime factors of (1 + 0)/(1 + (-10824)/10828)?
2707
Let l be (2/4)/(15/1170). Suppose l + 201 = 5*x. What are the prime factors of x?
2, 3
Let g(k) be the third derivative of k**6/120 + k**5/10 - 3*k**4/8 + k**3/3 + 20*k**2. List the prime factors of g(-7).
2
Let x = -39 + 27. Let u be (4/x)/((-1)/12). Suppose u*a + 42 = 6*a. List the prime factors of a.
3, 7
Suppose 24*u + 13951 - 41983 = 0. List the prime factors of u.
2, 73
Let w = 299 - 86. What are the prime factors of w?
3, 71
Let b(c) = -49*c - 121. List the prime factors of b(-38).
1741
Suppose -14 = -3*d + 2*d. Let r = d - 11. What are the prime factors of (-15)/(1/(-1)) + r?
2, 3
Let a(d) = -d**3 - 12*d**2 - 13*d - 10. Let s be a(-11). Suppose -2*k + 3*k - s = 0. What are the prime factors of (180/8)/(9/k)?
2, 3, 5
Let q = -13 + 13. Suppose 0 = -q*d - 3*d - 9. List the prime factors of d/1 - 35/(-5).
2
Let f = 6689 - 3726. What are the prime factors of f?
2963
Let s = -389 + 1526. What are the prime factors of s?
3, 379
Suppose 0 = -0*q + 3*q - t - 281, 4*q + 5*t = 381. List the prime factors of q.
2, 47
Let k be (-12)/(0 - (-3 + 4)). Suppose d - 8 - k = 0. What are the prime factors of d?
2, 5
Let i(f) = f**3 + 8*f**2 + 4*f - 9. Let c be i(-7). Let k = -12 + c. Suppose 5*h - h - 104 = k. What are the prime factors of h?
2, 13
Let t be 10/(-15)*(-25 - 2). Let x = t - 8. Let u(z) = z**2 - 5*z - 3. List the prime factors of u(x).
47
Let w be (-648)/20*(-240)/9. Suppose 3*p - w = -p. List the prime factors of p.
2, 3
Let c = -251 + 294. What are the prime factors of c?
43
Let y = -12 - -20. Let v = 7 - y. List the prime factors of 9 - (0 + v + -2).
2, 3
Suppose x - 698 = -2*o + 715, -o + 4*x + 702 = 0. What are the prime factors of o?
2, 353
Suppose n - h = 1046, 11*n - 9*n + 5*h - 2071 = 0. What are the prime factors of n?
7, 149
Suppose 1063 + 1005 = 11*r. What are the prime factors of r?
2, 47
Let w = -3 + 5. Suppose -4*d + 100 = 4*l, -l = -w*d - 12 - 10. Let y = l - -3. What are the prime factors of y?
3
Suppose -4*d - 85 = 71. Let i = d + 86. What are the prime factors of i?
47
Let t = 37 + -5. Let n be t + (-4 - -5) - -3. Suppose -34*p = -n*p + 48. What are the prime factors of p?
2, 3
Let h be -1*64/(-5 + 1). Suppose h*s - 18*s = -228. What are the prime factors of s?
2, 3, 19
Suppose -5*r - 47 = -4*l - 3, -3*r = -3*l + 27. What are the prime factors of 4 - -29 - r/(-4)?
31
List the prime factors of 27/(-18)*2076/(-9).
2, 173
Let u = 77 - 75. Suppose 7*a - 216 = -u*a. What are the prime factors of a?
2, 3
Let r be (-2)/6 - 2/(-6). Let i = r - -99. List the prime factors of i.
3, 11
Let l(v) = 7 + 3 + 4*v + 21*v - 4*v. List the prime factors of l(5).
5, 23
Suppose -2*z + 5*t + 107 = z, -5*z + 174 = -4*t. Let k = z - -66. List the prime factors of k.
2, 5
Suppose 0*m - 3 = 2*u + 3*m, 0 = 2*u + 2*m + 2. Suppose u = 4*q - 4*l + 48, -q - 4*l + 2 = 4. What are the prime factors of 91/14*q/(-1)?
5, 13
Suppose o + 2*t = 6*t + 8, -2*o = -5*t - 13. Suppose b = o*b. Suppose p - 5 - 10 = b. What are the prime factors of p?
3, 5
Suppose q + u = -u - 89, q = -3*u - 94. Let i = q - -117. Suppose -4*l + i = -18. List the prime factors of l.
2, 7
Suppose 0*r + 155 = r - 4*x, 0 = -4*r - x + 688. What are the prime factors of (r/6)/(7/14)?
3, 19
Let n be 5 - 1*(1 - -2). List the prime factors of (4/(-11))/n - (-15120)/396.
2, 19
What are the prime factors of 4*5*(-4244)/(-40)?
2, 1061
List the prime factors of (148/6)/((-4)/(-264)*11).
2, 37
Let l = -2 + 10. Let q = l + 70. What are the prime factors of q?
2, 3, 13
Let q(o) = 215*o**2 + 2*o + 3. Let u be q(-1). Suppose -13*r = -10*r - u. What are the prime factors of r?
2, 3
Let u(z) = -2*z + 11. Let d be u(4). List the prime factors of 5*((-102)/(-10) - d).
2, 3
Suppose -5*u + 1007 + 157 = z, -5*z + 5680 = -3*u. List the prime factors of z.
17, 67
Let j(m) = m**3 + 5*m**2 - 5*m + 4. Let f be j(-6). Let o(c) = -22*c - 1. List the prime factors of o(f).
43
What are the prime factors of (-56806)/(-20) + 11 + (-2147)/190?
2, 5, 71
Let m = -20 - -23. Let f be (1 - m/2)*0. Suppose f*y + 200 = 4*y. What are the prime factors of y?
2, 5
Suppose 37 = 14*o - 13*o. Suppose o = v - 42. What are the prime factors of v?
79
Let l be (-4)/6 - 46/(-6). Suppose -80*c = -81*c + 53. Let i = c + l. List the prime factors of i.
2, 3, 5
Let s = -121 - -187. Suppose t - s = 198. What are the prime factors of t?
2, 3, 11
Suppose 1764 - 300 = 3*b. Suppose 21*h - b = 17*h. What are the prime factors of h?
2, 61
Let z(u) = u**2 - 6*u - 9. Let s be z(8). Let i = 32 + s. List the prime factors of i.
3, 13
What are the prime factors of 2*(1605/6 - 1)?
13, 41
Let c(l) = -3*l + 11. Let d = -3 + -5. Let x be c(d). Suppose 5*y - x = -0*y. What are the prime factors of y?
7
Let u(b) = b**3 + 7*b**2 - 17*b - 29. Let y be u(-7). Suppose 3*s - 765 - y = 0. What are the prime factors of s?
3, 5, 19
Suppose 8267 = 11*q - 1006. List the prime factors of q.
3, 281
Let z be (2 + 80/(-15))*-3. Suppose -3*r = r - 3640. List the prime factors of r/25 + 6/z.
37
Let o = -30 + 31. Let i(a) = 108*a**3 + 2*a**2 + 2*a - 2. What are the prime factors of i(o)?
2, 5, 11
Let n(l) = 30*l**2 - 19*l + 68. What are the prime factors of n(4)?
2, 59
Suppose 5*s = -p - p + 16, 5*s - 19 = -3*p. Suppose p*x = -3*y + 141, -4*x + y = -2 - 196. What are the prime factors of x?
7
Let s(y) = y**2 + 13*y + 3. Let w be s(-13). Suppose w*r = -5*h + 83, 2*h - 170 = -0*r - 5*r. List the prime factors of r.
2, 3
Let a be (-72)/(-33) + (-6)/33. Suppose -2*q + 0*l + 33 = -3*l, 0 = a*q + l - 29. What are the prime factors of q?
3, 5
Let o(g) = -g**2 - 12*g + 17. Let r be o(-13). Let k = r - -1. What are the prime factors of (4 + (k - 4))*7?
5, 7
Suppose -3*x + x + 8 = 0. Suppose -2*d + 3*f = -99, 5*d - x*f - 225 = -f. List the prime factors of d.
2, 3, 7
Suppose -4*f + 9 = -f, 0 = -3*n + 3*f + 4602. What are the prime factors of n?
29, 53
Let p be 22/(-4)*(-6)/(-3). Let l(h) = h**2 + 6*h + 4. What are the prime factors of l(p)?
59
Let r = 1 + 0. Let g be -1*(r - 2) - -38. List the prime factors of 1320/g - 4/(-26).
2, 17
Let d(q) = q**2 + 9*q - 4. Let s be (-2)/4 - (-4)/((-32)/(-84)). What are the prime factors of d(s)?
2, 3, 31
Let v(x) = x**2 - 4*x + 9. Let r(d) be the third derivative of -d**4/24 - d**3/6 + 8*d**2. Let q(l) = 4*r(l) + v(l). List the prime factors of q(9).
2, 7
Let w(d) be the second derivative of -d**5/20 - 17*d**4/12 + 13*d**3/6 - 25*d**2/2 - 22*d. List the prime 